- 121. What is the tens digit of a?
6
Suppose -21*r - 403 = -67. What is the units digit of ((r/(-2))/8)/((-1)/(-183))?
3
Let y = -767 + 1684. Suppose 0 = 6*q + y - 3137. What is the hundreds digit of q?
3
Suppose 3*j + 4*a = -8, -3 = 3*j + a - 1. Suppose -5*o = -4*y - o + 28, 2*o + 8 = j. What is the units digit of ((-4)/(-10))/(3*y/720)?
2
Suppose 3*p - 5*p = -1012. Suppose 4*g + 606 = b - 401, 2*g + 2*b = -p. What is the units digit of (-500)/(-18) + (-56)/g?
8
Suppose 5*u - 80260 = -5*n, -n + 54*u - 56*u + 16051 = 0. What is the thousands digit of n?
6
Let b(m) = m**2 - 13*m + 516. What is the hundreds digit of b(81)?
0
Let v(f) = 9*f + 84. Let t be v(-10). What is the hundreds digit of ((t - -8) + -3)*-101?
1
Suppose 3*t = t + 10. Let w(x) be the second derivative of x**5/10 - 7*x**4/12 + x**3/3 - x**2 + 23*x - 4. What is the units digit of w(t)?
3
Suppose 18*j + 35 = 25*j. Suppose 0 = 6*q - j*q + 2*n - 291, -2*q + 585 = 5*n. What is the units digit of q?
5
Let j(a) = 15*a**2 + 181*a - 4506. What is the hundreds digit of j(24)?
4
Let z = -144 + 280. Suppose 131*u = z*u - 10. Suppose -u*k + 22 = 14. What is the units digit of k?
4
Suppose 2 = y + 2. Suppose 5*m + 0*m - 465 = y. Suppose 2*q - m = 43. What is the units digit of q?
8
Suppose 0 = -2*s + h - 984, 0 = s - h + 510 - 17. What is the thousands digit of s/(7 - (-154)/(-21))?
1
Suppose 0 = -7*c + 3*m + 187341, -2*c - 1156*m = -1154*m - 53526. What is the thousands digit of c?
6
Suppose -3*k - 2148 + 12487 = s, k - 20673 = -2*s. Suppose s - 30536 = -25*w. What is the units digit of w?
8
Let y be ((-40)/(-25))/((-2)/(-115)). Let c = y - 21. Suppose -z - 9 + c = 0. What is the tens digit of z?
6
Let p(d) = -732*d + 387. What is the hundreds digit of p(-6)?
7
Let r = 77 - 75. Let j(t) = r*t**3 + 31*t - 8 - 24 - t**3 - 2*t**3 + 22*t**2. What is the tens digit of j(23)?
5
Let y be (1 - 0) + 39/(-39). What is the tens digit of (829 - y) + 6*8/24?
3
Suppose 69 = -3*u + 3*t, 5*u = -3*t + 4*t - 123. Let i be 740/u - 9/(-15). Let a = i + 88. What is the tens digit of a?
5
Suppose 663 = 13*j - 156. What is the units digit of (-2874)/(-14) - 1 - 18/j?
4
Let h(c) = -c - 20. Let j be h(-16). What is the tens digit of (-937)/j + 27/36?
3
Let c(h) = h**3 - 15*h**2 - 2*h + 36. Let k be c(15). Suppose 2*p + 2 = 3*i, i - k*i = -4*p - 4. What is the tens digit of (p*364)/(-4) + -3?
8
Let q = 69 - 74. Let g be -1 + -2 + (-15)/q. Suppose 0 = 2*o - g*o + 4*n - 226, -5*o - 2*n = -525. What is the units digit of o?
3
Let q = 43 - 71. Suppose 0 = 22*s - 30*s + 176. Let o = s - q. What is the tens digit of o?
5
What is the ten thousands digit of 20038760/490 + (-3)/7?
4
Suppose -175*d + 5*k - 9205 = -180*d, -2*k = -2*d + 3702. What is the tens digit of d?
4
Suppose -2*r - 89 = -4*d + 3*r, -3*d - 3*r = -60. Suppose t = -y + 764, -22*y + d*y - 2*t = -763. What is the units digit of y?
5
Suppose -11*c + 3 = -10*c. Let o be (-3)/(((-36)/68)/c). Suppose 92 = -o*p + 18*p. What is the tens digit of p?
9
Let c(s) = -172 - 101*s - 213 - 215*s. What is the tens digit of c(-6)?
1
Let t be (-9 - (-824)/(-32))*4. Suppose -2*b + 1 = 5. What is the units digit of b/(4/6*3/t)?
9
Let x(c) = 2432*c - 109. What is the hundreds digit of x(9)?
7
Let f(o) = -o**2 + 20*o - 36. Let x be f(18). Suppose 2*g + 5*a - 215 = -3*g, x = g - 5*a - 43. What is the tens digit of g?
4
Suppose 2*d = -0*d + 26. Suppose 80*p - 70*p + 200 = 0. What is the tens digit of -4*5/(p/d)?
1
Suppose 1399*z - 14210 = 1392*z. What is the units digit of z?
0
Let y = 66153 - 32414. What is the ten thousands digit of y?
3
Suppose -12*m = -3 - 57. Suppose -421 = m*j - 506. What is the tens digit of j?
1
What is the ten thousands digit of 3935/75*-6*(-7 - (-1926)/(-12))?
5
Let r(m) = 57*m - 26. Suppose 8*p - 3 = 7*p. What is the hundreds digit of r(p)?
1
Let t be 0/8 + 5 + -1. Suppose -2 + t = s. Suppose -s*g = -b + 75, 4*b + 2*g - 326 = -3*g. What is the units digit of b?
9
Let q = -5698 + 8322. What is the units digit of q?
4
Let v = 321 - 319. Suppose -5*q + 119 = 3*t, 5*t + 51 = q + v*q. What is the units digit of q?
2
What is the thousands digit of 34672/6 - (-16)/48?
5
Let i(c) = -c**3 + 56*c**2 + 125*c - 112. What is the tens digit of i(55)?
8
Let s be (-61)/(-427) - (-701)/(-7). What is the hundreds digit of (s/15)/(((-55)/315)/11)?
4
Suppose -122 - 82 = -51*i. Let n(c) = 6*c**3 - 8*c**2 - 17*c + 5. What is the units digit of n(i)?
3
Let z = 19220 - 9734. What is the hundreds digit of z?
4
Let n(i) = -3*i**2 - 53*i. Let v(p) = -p**2 + p. Let r(c) = -n(c) - 6*v(c). What is the hundreds digit of r(-9)?
3
Suppose 14*p = 69983 + 205103. What is the tens digit of p?
4
What is the thousands digit of (-1 - 2/(-8)) + (-5001828)/(-624)?
8
Suppose -18*d + 740 = 38. What is the tens digit of 6/d - 1012/(-13)?
7
Let b = 41 + -21. Suppose -18*p = -b*p + 2. What is the units digit of p/(0 - (-3)/(171 - -3))?
8
Let g(s) = 46*s**2 + 11*s - 685. What is the tens digit of g(15)?
3
Let q(o) = -o**3 + 44*o**2 + 59*o - 69. What is the units digit of q(44)?
7
What is the hundreds digit of (-3648)/36*(-5706)/24?
0
Suppose -5*s + 28*x = 32*x - 59044, 0 = -s + 2*x + 11792. What is the thousands digit of s?
1
What is the tens digit of (20*(-4)/(-10) - 8) + 4194?
9
Suppose -20*y - 4*i + 32941 = -15*y, 2*i = -y + 6581. What is the thousands digit of y?
6
Suppose 444 = 3*j - 4*r, -j - 740 = -6*j - 5*r. Let p = j - 92. What is the hundreds digit of 32/p + (-913)/(-7)?
1
Let v be (4/8)/(1/(-2) + 0). What is the units digit of (-48)/(-12) - (0 - v - 66)?
9
Let p be (-28*(-7)/(-112))/(2/32). Let h(b) = -15*b + 59. What is the tens digit of h(p)?
7
Let h = 20670 + -10445. What is the tens digit of h?
2
Suppose 3*r - 5*r - o = -18043, -27058 = -3*r + 5*o. What is the units digit of r?
1
Let u(m) = 83*m**3 + 7*m**2 - 6*m - 6. What is the tens digit of u(8)?
9
Let v = 11598 + -11598. Suppose 0*t = -t. Suppose v*l + 698 = 5*n + 2*l, t = 5*n + l - 699. What is the tens digit of n?
4
Let p = 65 + -62. Suppose 0 = -p*x + 9*x + 774. Let w = x + 232. What is the hundreds digit of w?
1
Suppose -6199 = -12*u - 1147. Let y = -142 + u. What is the tens digit of y?
7
Let g = 1752 - -6891. What is the hundreds digit of g?
6
Let v = 145 - 308. Let x = v + 236. Let m = 92 - x. What is the tens digit of m?
1
What is the thousands digit of ((-2)/4*2 + (0 - -313))*41?
2
Let j(o) = -o**3 - o**2 - 2*o + 2. Let r be j(0). Let d be 3 - (2 - (r + 96)). Suppose 8*w = d + 413. What is the tens digit of w?
6
What is the ten thousands digit of (-1701947)/(-45) + 610/(-13725)?
3
Suppose -3*z + 8*z = 3*t + 284, 5*t - 3*z = -500. What is the units digit of 0/(0 + 1) - t?
3
Suppose -3*l - 102 = -4*k - 263, -3*k = -2*l + 121. Let w = 69 + -151. Let s = k - w. What is the units digit of s?
1
Let h(t) be the third derivative of -11*t**4/8 + 45*t**3/2 - 69*t**2. What is the hundreds digit of h(-18)?
7
Let k(o) = -2*o**3 + 55*o**2 + 370*o + 19. What is the thousands digit of k(-17)?
9
Let p(t) = 6*t**2 + 2*t + 3. Let n(h) = h**3 - 2*h**2 - 2*h + 1. Let b(y) = 2*n(y) - p(y). Let c(a) = 5*a + 1. Let q be c(1). What is the units digit of b(q)?
5
What is the units digit of 7/(-2*10/(-1460))?
1
Let q be (-28865)/(-20) - (-2)/(-8). Suppose -33*w + q = -20*w. What is the hundreds digit of w?
1
Let y be 1*-194*(24 + -26). Suppose 2*v - 259 = -s, 3*v - 2*s = -4*s + y. What is the tens digit of v?
3
Suppose r - 366 = -5*b - 108, -2*b = 2*r - 500. Let n = 703 - r. What is the units digit of n?
5
Let f = 3572 - 1588. Suppose -3*i + 2*b = -i - f, -3971 = -4*i + b. What is the hundreds digit of i?
9
Let u(w) = 10*w**2 + w - 6. Suppose -5*l + 6*i - 2*i - 326 = 0, -4*l = 3*i + 236. Let t be (-80)/140 + l/14. What is the hundreds digit of u(t)?
2
Suppose 3*d = 5*c + 27, -3*d + 2*c + 27 = c. Suppose -h = d - 11. Suppose 5*o - 9 = h*o. What is the units digit of o?
3
Let m = 164 - 114. Suppose m*b - 52*b = -176. What is the tens digit of b?
8
Suppose -131*n + 880072 = -39*n. What is the hundreds digit of n?
5
What is the thousands digit of ((-1474)/(-10) - 1)/(-6*9/(-25020))?
7
Suppose -i + 6 = 2*k, -10 = -4*i - 7*k + 6*k. Suppose -5*w = -d - i*d - 2612, 5*w - d = 2604. What is the tens digit of w?
2
Let a = -65665 + 93057. What is the hundre